12 (base 16) to base 2.
-10010
-167 (base 8) to base 7
-230
Convert 0 (base 8) to base 12.
0
Convert -11 (base 5) to base 12.
-6
Convert -1 (base 3) to base 12.
-1
What is 14 (base 16) in base 10?
20
5 (base 8) to base 11
5
-7 (base 15) to base 9
-7
-c6 (base 16) to base 13
-123
-12210 (base 3) to base 5
-1111
-67 (base 9) to base 6
-141
What is -1021 (base 4) in base 16?
-49
What is -1222 (base 3) in base 10?
-53
Convert 32 (base 10) to base 13.
26
Convert 10 (base 8) to base 10.
8
-22 (base 7) to base 4
-100
Convert -3132 (base 4) to base 11.
-192
1 (base 9) to base 11
1
Convert -93 (base 11) to base 5.
-402
What is 11110101 (base 2) in base 4?
3311
212 (base 3) to base 11
21
2 (base 4) to base 8
2
What is 3 (base 16) in base 7?
3
What is -151 (base 7) in base 11?
-78
Convert -17 (base 11) to base 14.
-14
What is 26 (base 16) in base 3?
1102
What is 89 (base 10) in base 4?
1121
What is -11 (base 15) in base 14?
-12
1 (base 2) to base 11
1
Convert 218 (base 9) to base 4.
2303
Convert -9 (base 14) to base 16.
-9
Convert -14 (base 16) to base 5.
-40
Convert 0 (base 8) to base 4.
0
1 (base 16) to base 14
1
Convert 17 (base 10) to base 3.
122
Convert 0 (base 13) to base 3.
0
What is -101 (base 11) in base 14?
-8a
What is 2 (base 12) in base 9?
2
What is 1 (base 15) in base 13?
1
Convert -3 (base 12) to base 5.
-3
What is 21 (base 8) in base 4?
101
What is -1 (base 8) in base 2?
-1
Convert -1 (base 6) to base 15.
-1
What is 4 (base 9) in base 15?
4
Convert -19 (base 12) to base 15.
-16
Convert -222 (base 4) to base 3.
-1120
What is 4 (base 6) in base 2?
100
Convert 1 (base 9) to base 15.
1
What is -121 (base 5) in base 2?
-100100
What is 114 (base 13) in base 9?
226
Convert 159 (base 14) to base 9.
335
-8 (base 15) to base 11
-8
Convert 2 (base 7) to base 16.
2
12 (base 4) to base 2
110
3 (base 12) to base 8
3
What is 54 (base 9) in base 12?
41
Convert 110 (base 5) to base 2.
11110
Convert 96 (base 16) to base 5.
1100
1 (base 12) to base 7
1
-106 (base 9) to base 8
-127
Convert 11 (base 2) to base 7.
3
-3 (base 9) to base 2
-11
Convert -2 (base 14) to base 7.
-2
What is -16 (base 8) in base 9?
-15
-10 (base 6) to base 10
-6
Convert 1 (base 6) to base 16.
1
243 (base 5) to base 14
53
Convert -c (base 15) to base 7.
-15
50 (base 9) to base 16
2d
Convert -209 (base 14) to base 10.
-401
What is 3 (base 16) in base 13?
3
Convert -1 (base 13) to base 10.
-1
-59 (base 12) to base 9
-76
What is 11 (base 4) in base 9?
5
What is -16 (base 8) in base 5?
-24
Convert -4 (base 16) to base 9.
-4
Convert -6 (base 11) to base 9.
-6
What is 68 (base 13) in base 4?
1112
Convert 32 (base 8) to base 14.
1c
6 (base 14) to base 10
6
What is -1 (base 14) in base 10?
-1
-7 (base 12) to base 4
-13
43 (base 7) to base 9
34
Convert 1 (base 11) to base 4.
1
Convert -2 (base 4) to base 9.
-2
-9 (base 11) to base 8
-11
Convert 1 (base 9) to base 8.
1
2 (base 13) to base 12
2
Convert 222 (base 3) to base 15.
1b
What is -81 (base 13) in base 16?
-69
Convert 4 (base 16) to base 13.
4
Convert -210 (base 3) to base 11.
-1a
Convert -3 (base 6) to base 11.
-3
What is -3 (base 12) in base 10?
-3
0 (base 13) to base 12
0
-5 (base 15) to base 16
-5
Convert -10 (base 5) to base 14.
-5
14 (base 5) to base 7
12
321 (base 5) to base 15
5b
What is 1 (base 10) in base 6?
1
What is 11 (base 4) in base 12?
5
What is -3 (base 9) in base 4?
-3
Convert -56 (base 10) to base 3.
-2002
What is -11020 (base 3) in base 11?
-a4
-110 (base 2) to base 6
-10
16 (base 14) to base 11
19
-54 (base 10) to base 3
-2000
What is 6 (base 8) in base 6?
10
14 (base 14) to base 11
17
What is 222 (base 4) in base 9?
46
What is -46 (base 7) in base 5?
-114
What is 21 (base 7) in base 3?
120
14 (base 10) to base 14
10
Convert 3 (base 10) to base 5.
3
2 (base 8) to base 14
2
Convert 12 (base 4) to base 7.
6
What is 22 (base 8) in base 12?
16
Convert 20 (base 5) to base 6.
14
35 (base 11) to base 10
38
What is -4 (base 7) in base 14?
-4
2 (base 4) to base 9
2
What is -1010110 (base 2) in base 10?
-86
Convert 1 (base 13) to base 11.
1
-44 (base 14) to base 10
-60
What is -106 (base 13) in base 15?
-ba
Convert 2 (base 6) to base 13.
2
-1 (base 16) to base 2
-1
Convert -10 (base 6) to base 10.
-6
Convert -16 (base 13) to base 10.
-19
Convert 6 (base 12) to base 10.
6
-10 (base 12) to base 4
-30
Convert 0 (base 4) to base 6.
0
1 (base 5) to base 15
1
What is -100100 (base 2) in base 3?
-1100
-1 (base 8) to base 16
-1
Convert -5 (base 16) to base 6.
-5
Convert 2 (base 8) to base 14.
2
5 (base 10) to base 11
5
-5 (base 8) to base 16
-5
5 (base 11) to base 12
5
What is 4 (base 8) in base 10?
4
-26 (base 10) to base 13
-20
What is 3 (base 11) in base 8?
3
What is -4 (base 5) in base 12?
-4
Convert 8 (base 10) to base 5.
13
What is 21 (base 6) in base 14?
d
Convert 21011 (base 3) to base 11.
166
What is -22 (base 5) in base 4?
-30
Convert -116 (base 9) to base 6.
-240
3 (base 9) to base 7
3
-6 (base 16) to base 5
-11
Convert 1020 (base 3) to base 11.
30
-a6 (base 13) to base 12
-b4
Convert 206 (base 8) to base 14.
98
Convert 4 (base 9) to base 3.
11
Convert 1 (base 3) to base 8.
1
-103 (base 6) to base 12
-33
2 (base 11) to base 7
2
-1 (base 13) to base 6
-1
Convert -1010 (base 2) to base 13.
-a
Convert 0 (base 11) to base 14.
0
Convert -11 (base 2) to base 10.
-3
Convert -6 (base 14) to base 13.
-6
Convert -126 (base 10) to base 3.
-11200
What is -4 (base 14) in base 13?
-4
What is 111 (base 3) in base 6?
21
What is -2303 (base 4) in base 2?
-10110011
64 (base 8) to base 14
3a
What is -2 (base 7) in base 8?
-2
-100000 (base 2) to base 12
-28
Convert 1 (base 6) to base 12.
1
What is -5 (base 9) in base 2?
-101
What is -2 (base 16) in base 4?
-2
What is 8 (base 16) in base 11?
8
Convert 10 (base 13) to base 16.
d
What is 0 (base 4) in base 10?
0
Convert -33 (base 6) to base 15.
-16
Convert 220 (base 3) to base 5.
44
What is -9d (base 15) in base 16?
-94
What is 5 (base 9) in base 16?
5
102 (base 3) to base 10
11
Convert 13 (base 11) to base 6.
22
Convert -10100 (base 3) to base 6.
-230
25 (base 9) to base 16
17
Convert 123 (base 5) to base 13.
2c
-9 (base 16) to base 8
-11
Convert 31 (base 6) to base 3.
201
What is -20 (base 11) in base 12?
-1a
-66 (base 12) to base 3
-2220
What is 4 (base 14) in base 7?
4
What is 1000 (base 2) in base 7?
11
Convert -33 (base 4) to base 6.
-23
-2 (base 9) to base 13
-2
6 (base 12) to base 7
6
Convert -16 (base 14) to base 9.
-22
1a (base 14) to base 4
120
What is -2 (base 7) in base 10?
-2
0 (base 7) to base 13
0
What is -244 (base 9) in base 4?
-3022
What is 16 (base 16) in base 8?
26
Convert -1 (base 14) to base 8.
-1
Convert -1 (base 12) to base 6.
-1
Convert -404 (base 6) to base 8.
-224
-152 (base 6) to base 13
-53
-6 (base 16) to base 15
-6
-232 (base 4) to base 14
-34
Convert 1032 (base 5) to base 10.
142
Convert -3221 (base 4) to base 9.
-278
26 (base 14) to base 13
28
18 (base 9) to base 16
11
Convert 154 (base 7) to base 5.
323
What is -35 (base 6) in base 3?
-212
Convert 101222 (base 3) to base 13.
19a
What is 13 (base 16) in base 15?
14
16 (base 11) to base 10
17
What is -14 (base 13) in base 7?
-23
-33 (base 8) to base 2
-11011
-212 (base 5) to base 16
-39
Convert 327 (base 9) to base 4.
10030
What is -163 (base 9) in base 3?
-12010
-13 (base 4) to base 11
-7
-131 (base 8) to base 14
-65
7 (base 15) to base 9
7
What is -1001 (base 4) in base 15?
-45
4 (base 16) to base 6
4
What is 21 (base 5) in base 7?
14
What is 20 (base 4) in base 13?
8
Convert 22 (base 14) to base 5.
110
What is 33 (base 7) in base 2?
11000
Convert -14 (base 13) to base 7.
-23
Convert -63 (base 14) to base 11.
-7a
Convert 1 (base 9) to base 5.
1
What is 86 (base 11) in base 8?
136
What is -330 (base 9) in base 4?
-10032
100 (base 2) to base 7
4
What is -10 (base 4) in base 13?
-4
Convert -11 (base 11) to base 2.
-1100
Convert -154 (base 6) to base 16.
-46
-220 (base 3) to base 13
-1b
Convert 2 (base 10) to base 9.
2
What is -243 (base 8) in base 5?
-1123
-7 (base 15) to base 4
-13
What is 7 (base 14) in base 4?
13
120 (base 4) to base 5
44
18 (base 15) to base 13
1a
What is -100 (base 2) in base 4?
-10
-15 (base 7) to base 16
-c
Convert 10 (base 5) to base 13.
5
-1 (base 6) to base 13
-1
310 (base 4) to base 7
